{"id":15441,"date":"2017-05-18T12:01:20","date_gmt":"2017-05-18T15:01:20","guid":{"rendered":"http:\/\/www.edafica.cl\/apicola\/?page_id=15441"},"modified":"2017-10-23T10:55:24","modified_gmt":"2017-10-23T13:55:24","slug":"mapas","status":"publish","type":"page","link":"https:\/\/www.edafica.cl\/apicola\/mapas\/","title":{"rendered":"Mapas"},"content":{"rendered":"<div class=\"wpb-content-wrapper\"><p>[vc_row css_animation=\u00bb\u00bb row_type=\u00bbrow\u00bb use_row_as_full_screen_section=\u00bbno\u00bb type=\u00bbfull_width\u00bb angled_section=\u00bbno\u00bb text_align=\u00bbleft\u00bb background_image_as_pattern=\u00bbwithout_pattern\u00bb padding_top=\u00bb25&#8243; padding_bottom=\u00bb10&#8243;][vc_column][vc_column_text]<\/p>\n<h3 style=\"text-align: center;\">Directorio de mapas<\/h3>\n<p>[\/vc_column_text][vc_column_text]<div class='ssfa-clearfix'><\/div><div id='ssfa-meta-container-8497' class='ssfa-meta-container flightbox-parent  ' data-uid='8497' data-fbn=\"dfbad77590\" style='margin: 10px 0 20px;  width:100%; float:none;'><div id='ssfa-table-wrap-8497' class='ssfa-minimalist'><div class=\"ssfa-clearfix\" style=\"margin-bottom:10px!important;\"><div class='ssfa-clearfix ssfa-crumbs ssfa-crumbs-noheading'><a href=\"https:\/\/www.edafica.cl\/apicola\/mapas\/?drawer=Mapas\">Mapas<\/a> \/ <\/div><div class='ssfa-search-wrap ssfa-search-label-active'><span data-ssfa-icon='&#xe047;' class='ssfa-searchicon ssfa-search-label-active' aria-hidden='true'> Buscar<\/span><input id='filter-8497' class='ssfa-searchfield' placeholder='BUSCAR' value='' name='search' id='search' type='text' \/><\/div><\/div><script type='text\/javascript'>jQuery(function(){ jQuery('.footable').footable();});<\/script><table id='ssfa-table-8497' data-filter='#filter-8497'   data-page-size='100000' class='footable ssfa-sortable ssfa-minimalist  ssfa-center dirtree-table ' data-drawer=\"drawer\"  data-stats=\"false\"  ><thead><tr><th class='ssfa-sorttype ssfa-minimalist-first-column' title=\"Clic para ordenar\" >Tipo<\/th><th class='ssfa-sortname' title=\"Clic para ordenar\" data-sort-initial='true'>Archivo<\/th><th class='ssfa-sortdate' data-type='numeric' title=\"Clic para ordenar\">Fecha<\/th><th class='ssfa-sortsize' data-type='numeric' title=\"Clic para ordenar\">Tama\u00f1o<\/th><\/tr><\/thead><tfoot><tr><td colspan='100'><\/td><\/tr><\/tfoot><tbody><tr id='ssfa-dir-8497-1' class='ssfa-drawers'><td id='folder-ssfa-dir-8497-1' data-value=\"# # # # # 1 Escenario Climatico Normal\" class='ssfa-sorttype ssfa-minimalist-first-column'><a href=\"https:\/\/www.edafica.cl\/apicola\/mapas\/?drawer=Mapas*1 Escenario Climatico Normal\" data-name=\"1 Escenario Climatico Normal\" data-path=\"Mapas\/1 Escenario Climatico Normal\"><span style='font-size:20px; margin-left:3px;' class='ssfa-faminicon ssfa-icon-drawer  ssfa-classic' aria-hidden='true'><\/span><br>dir<\/a><\/td><td id='name-ssfa-dir-8497-1' data-value=\"# # # # # 1 Escenario Climatico Normal\" class='ssfa-sortname'><a href=\"https:\/\/www.edafica.cl\/apicola\/mapas\/?drawer=Mapas*1 Escenario Climatico Normal\" class=\" ssfa-classic accent-classic\"><span class='ssfa-filename' style='text-transform:uppercase;'>1 Escenario Climatico Normal<\/span><\/a><\/td><td class='ssfa-minimalist' data-value=\"# # # #  1 Escenario Climatico Normal\"> &nbsp; <\/td><td id='manager-ssfa-dir-8497-1' class='ssfa-minimalist' data-value=\"# # # #  1 Escenario Climatico Normal\"> &nbsp; <\/td><\/tr><tr id='ssfa-dir-8497-2' class='ssfa-drawers'><td id='folder-ssfa-dir-8497-2' data-value=\"# # # # # 2 Escenario climatico 2016\" class='ssfa-sorttype ssfa-minimalist-first-column'><a href=\"https:\/\/www.edafica.cl\/apicola\/mapas\/?drawer=Mapas*2 Escenario climatico 2016\" data-name=\"2 Escenario climatico 2016\" data-path=\"Mapas\/2 Escenario climatico 2016\"><span style='font-size:20px; margin-left:3px;' class='ssfa-faminicon ssfa-icon-drawer  ssfa-classic' aria-hidden='true'><\/span><br>dir<\/a><\/td><td id='name-ssfa-dir-8497-2' data-value=\"# # # # # 2 Escenario climatico 2016\" class='ssfa-sortname'><a href=\"https:\/\/www.edafica.cl\/apicola\/mapas\/?drawer=Mapas*2 Escenario climatico 2016\" class=\" ssfa-classic accent-classic\"><span class='ssfa-filename' style='text-transform:uppercase;'>2 Escenario Climatico 2016<\/span><\/a><\/td><td class='ssfa-minimalist' data-value=\"# # # #  2 Escenario climatico 2016\"> &nbsp; <\/td><td id='manager-ssfa-dir-8497-2' class='ssfa-minimalist' data-value=\"# # # #  2 Escenario climatico 2016\"> &nbsp; <\/td><\/tr><tr id='ssfa-dir-8497-3' class='ssfa-drawers'><td id='folder-ssfa-dir-8497-3' data-value=\"# # # # # 3 Escenario Climatico 2030\" class='ssfa-sorttype ssfa-minimalist-first-column'><a href=\"https:\/\/www.edafica.cl\/apicola\/mapas\/?drawer=Mapas*3 Escenario Climatico 2030\" data-name=\"3 Escenario Climatico 2030\" data-path=\"Mapas\/3 Escenario Climatico 2030\"><span style='font-size:20px; margin-left:3px;' class='ssfa-faminicon ssfa-icon-drawer  ssfa-classic' aria-hidden='true'><\/span><br>dir<\/a><\/td><td id='name-ssfa-dir-8497-3' data-value=\"# # # # # 3 Escenario Climatico 2030\" class='ssfa-sortname'><a href=\"https:\/\/www.edafica.cl\/apicola\/mapas\/?drawer=Mapas*3 Escenario Climatico 2030\" class=\" ssfa-classic accent-classic\"><span class='ssfa-filename' style='text-transform:uppercase;'>3 Escenario Climatico 2030<\/span><\/a><\/td><td class='ssfa-minimalist' data-value=\"# # # #  3 Escenario Climatico 2030\"> &nbsp; <\/td><td id='manager-ssfa-dir-8497-3' class='ssfa-minimalist' data-value=\"# # # #  3 Escenario Climatico 2030\"> &nbsp; <\/td><\/tr><tr id='ssfa-dir-8497-4' class='ssfa-drawers'><td id='folder-ssfa-dir-8497-4' data-value=\"# # # # # 4 Escenario Climatico 2050\" class='ssfa-sorttype ssfa-minimalist-first-column'><a href=\"https:\/\/www.edafica.cl\/apicola\/mapas\/?drawer=Mapas*4 Escenario Climatico 2050\" data-name=\"4 Escenario Climatico 2050\" data-path=\"Mapas\/4 Escenario Climatico 2050\"><span style='font-size:20px; margin-left:3px;' class='ssfa-faminicon ssfa-icon-drawer  ssfa-classic' aria-hidden='true'><\/span><br>dir<\/a><\/td><td id='name-ssfa-dir-8497-4' data-value=\"# # # # # 4 Escenario Climatico 2050\" class='ssfa-sortname'><a href=\"https:\/\/www.edafica.cl\/apicola\/mapas\/?drawer=Mapas*4 Escenario Climatico 2050\" class=\" ssfa-classic accent-classic\"><span class='ssfa-filename' style='text-transform:uppercase;'>4 Escenario Climatico 2050<\/span><\/a><\/td><td class='ssfa-minimalist' data-value=\"# # # #  4 Escenario Climatico 2050\"> &nbsp; <\/td><td id='manager-ssfa-dir-8497-4' class='ssfa-minimalist' data-value=\"# # # #  4 Escenario Climatico 2050\"> &nbsp; <\/td><\/tr><tr id='ssfa-dir-8497-5' class='ssfa-drawers'><td id='folder-ssfa-dir-8497-5' data-value=\"# # # # # 5 Distribucion de Frutales Mayores\" class='ssfa-sorttype ssfa-minimalist-first-column'><a href=\"https:\/\/www.edafica.cl\/apicola\/mapas\/?drawer=Mapas*5 Distribucion de Frutales Mayores\" data-name=\"5 Distribucion de Frutales Mayores\" data-path=\"Mapas\/5 Distribucion de Frutales Mayores\"><span style='font-size:20px; margin-left:3px;' class='ssfa-faminicon ssfa-icon-drawer  ssfa-classic' aria-hidden='true'><\/span><br>dir<\/a><\/td><td id='name-ssfa-dir-8497-5' data-value=\"# # # # # 5 Distribucion de Frutales Mayores\" class='ssfa-sortname'><a href=\"https:\/\/www.edafica.cl\/apicola\/mapas\/?drawer=Mapas*5 Distribucion de Frutales Mayores\" class=\" ssfa-classic accent-classic\"><span class='ssfa-filename' style='text-transform:uppercase;'>5 Distribucion De Frutales Mayores<\/span><\/a><\/td><td class='ssfa-minimalist' data-value=\"# # # #  5 Distribucion de Frutales Mayores\"> &nbsp; <\/td><td id='manager-ssfa-dir-8497-5' class='ssfa-minimalist' data-value=\"# # # #  5 Distribucion de Frutales Mayores\"> &nbsp; <\/td><\/tr><tr id='ssfa-dir-8497-6' class='ssfa-drawers'><td id='folder-ssfa-dir-8497-6' data-value=\"# # # # # 6 Distribucion de Apicultores\" class='ssfa-sorttype ssfa-minimalist-first-column'><a href=\"https:\/\/www.edafica.cl\/apicola\/mapas\/?drawer=Mapas*6 Distribucion de Apicultores\" data-name=\"6 Distribucion de Apicultores\" data-path=\"Mapas\/6 Distribucion de Apicultores\"><span style='font-size:20px; margin-left:3px;' class='ssfa-faminicon ssfa-icon-drawer  ssfa-classic' aria-hidden='true'><\/span><br>dir<\/a><\/td><td id='name-ssfa-dir-8497-6' data-value=\"# # # # # 6 Distribucion de Apicultores\" class='ssfa-sortname'><a href=\"https:\/\/www.edafica.cl\/apicola\/mapas\/?drawer=Mapas*6 Distribucion de Apicultores\" class=\" ssfa-classic accent-classic\"><span class='ssfa-filename' style='text-transform:uppercase;'>6 Distribucion De Apicultores<\/span><\/a><\/td><td class='ssfa-minimalist' data-value=\"# # # #  6 Distribucion de Apicultores\"> &nbsp; <\/td><td id='manager-ssfa-dir-8497-6' class='ssfa-minimalist' data-value=\"# # # #  6 Distribucion de Apicultores\"> &nbsp; <\/td><\/tr><\/tbody><\/table><\/div><\/div><div class='ssfa-clearfix'><\/div>[\/vc_column_text][vc_row_inner row_type=\u00bbrow\u00bb type=\u00bbfull_width\u00bb text_align=\u00bbleft\u00bb css_animation=\u00bb\u00bb][vc_column_inner width=\u00bb1\/2&#8243;][vc_column_text]Navegue haciendo click en la carpeta con el contenido que busca.<\/p>\n<p>Abra el mapa correspondiente haciendo click en el t\u00edtulo.<\/p>\n<p>Utilice los \u00edconos de navegaci\u00f3n visibles desde la esquina inferior derecha del mapa desplegado:<\/p>\n<ul>\n<li><img decoding=\"async\" class=\"alignnone size-full wp-image-15486\" src=\"https:\/\/www.edafica.cl\/apicola\/wp-content\/uploads\/2017\/10\/flecha-sgte.jpg\" alt=\"flecha-sgte\" width=\"20\" height=\"20\" \/> siguiente mapa<\/li>\n<li>\u00a0<img decoding=\"async\" class=\"alignnone size-full wp-image-15485\" src=\"https:\/\/www.edafica.cl\/apicola\/wp-content\/uploads\/2017\/10\/flecha-anterior.jpg\" alt=\"flecha-anterior\" width=\"20\" height=\"20\" \/>mapa anterior<\/li>\n<li><img decoding=\"async\" class=\"alignnone size-full wp-image-15484\" src=\"https:\/\/www.edafica.cl\/apicola\/wp-content\/uploads\/2017\/10\/flecha-abajo.jpg\" alt=\"flecha-abajo\" width=\"20\" height=\"20\" \/>\u00a0 descargar mapa (baja resoluci\u00f3n)<\/li>\n<li><img loading=\"lazy\" decoding=\"async\" class=\"alignnone size-full wp-image-15483\" src=\"https:\/\/www.edafica.cl\/apicola\/wp-content\/uploads\/2017\/10\/equis-2.jpg\" alt=\"equis-2\" width=\"20\" height=\"20\" \/> cerrar mapa<\/li>\n<\/ul>\n<p>[\/vc_column_text][\/vc_column_inner][vc_column_inner width=\u00bb1\/2&#8243;][vc_column_text]<strong>Para descargar los mapas en alta resoluci\u00f3n, y poder as\u00ed examinarlos con m\u00e1s detalle en su computador o impresos, haga click en el archivo comprimido (.rar) que encontrar\u00e1 al final de cada listado.<\/strong>[\/vc_column_text][\/vc_column_inner][\/vc_row_inner][vc_separator type=\u00bbnormal\u00bb color=\u00bb#f16c2b\u00bb thickness=\u00bb2&#8243; up=\u00bb20&#8243; down=\u00bb20&#8243;][\/vc_column][\/vc_row][vc_row css_animation=\u00bb\u00bb row_type=\u00bbrow\u00bb use_row_as_full_screen_section=\u00bbno\u00bb type=\u00bbgrid\u00bb angled_section=\u00bbno\u00bb text_align=\u00bbcenter\u00bb background_image_as_pattern=\u00bbwithout_pattern\u00bb padding_top=\u00bb25&#8243; padding_bottom=\u00bb40&#8243;][vc_column width=\u00bb1\/2&#8243;][vc_single_image image=\u00bb15408&#8243; alignment=\u00bbcenter\u00bb qode_css_animation=\u00bb\u00bb][vc_column_text css=\u00bb.vc_custom_1500307260878{margin-top: 20px !important;}\u00bb]Agradeceremos enormemente que usted, usuario de esta informaci\u00f3n, nos proporcione sus datos a trav\u00e9s del formulario anexo, ayudando as\u00ed a mejorar nuestra investigaci\u00f3n. Muchas gracias.[\/vc_column_text][\/vc_column][vc_column width=\u00bb1\/2&#8243; css=\u00bb.vc_custom_1500306387421{padding-top: 15px !important;padding-right: 15px !important;padding-bottom: 15px !important;padding-left: 15px !important;background-color: rgba(227,191,77,0.85) !important;*background-color: rgb(227,191,77) !important;}\u00bb]\n<div class=\"wpcf7 no-js\" id=\"wpcf7-f15479-o1\" lang=\"es-ES\" dir=\"ltr\">\n<div class=\"screen-reader-response\"><p role=\"status\" aria-live=\"polite\" aria-atomic=\"true\"><\/p> <ul><\/ul><\/div>\n<form action=\"\/apicola\/wp-json\/wp\/v2\/pages\/15441#wpcf7-f15479-o1\" method=\"post\" class=\"wpcf7-form init default\" aria-label=\"Formulario de contacto\" novalidate=\"novalidate\" data-status=\"init\">\n<div style=\"display: none;\">\n<input type=\"hidden\" name=\"_wpcf7\" value=\"15479\" \/>\n<input type=\"hidden\" name=\"_wpcf7_version\" value=\"5.9.5\" \/>\n<input type=\"hidden\" name=\"_wpcf7_locale\" value=\"es_ES\" \/>\n<input type=\"hidden\" name=\"_wpcf7_unit_tag\" value=\"wpcf7-f15479-o1\" \/>\n<input type=\"hidden\" name=\"_wpcf7_container_post\" value=\"0\" \/>\n<input type=\"hidden\" name=\"_wpcf7_posted_data_hash\" value=\"\" \/>\n<\/div>\n<div class=\"two_columns_50_50 clearfix\">\n<div class=\"column1\">\n<div class=\"column_inner\">\n\t<p><label for=\"nombre\">Nombre<\/label><br \/>\n    <span class=\"wpcf7-form-control-wrap\" data-name=\"your-name\"><input size=\"40\" class=\"wpcf7-form-control wpcf7-text wpcf7-validates-as-required\" aria-required=\"true\" aria-invalid=\"false\" value=\"\" type=\"text\" name=\"your-name\" \/><\/span> <\/p>\n\n<\/div>\n<\/div>\n\n<div class=\"column2\">\n<div class=\"column_inner\">\n\t<p><label for=\"email\">Email<\/label><br \/>\n    <span class=\"wpcf7-form-control-wrap\" data-name=\"your-email\"><input size=\"40\" class=\"wpcf7-form-control wpcf7-email wpcf7-validates-as-required wpcf7-text wpcf7-validates-as-email\" aria-required=\"true\" aria-invalid=\"false\" value=\"\" type=\"email\" name=\"your-email\" \/><\/span> <\/p>\n<\/div>\n<\/div>\n\n<\/div>\n\n<div class=\"two_columns_50_50 clearfix\">\n\n<div class=\"column1\">\n<div class=\"column_inner\">\n\t<p><label for=\"telefono\">Tel\u00e9fono<\/label><br \/>\n    <span class=\"wpcf7-form-control-wrap\" data-name=\"telefono\"><input size=\"40\" class=\"wpcf7-form-control wpcf7-text wpcf7-validates-as-required\" aria-required=\"true\" aria-invalid=\"false\" value=\"\" type=\"text\" name=\"telefono\" \/><\/span> <\/p>\n<\/div>\n<\/div>\n\n<div class=\"column2\">\n<div class=\"column_inner\">\n\t<p><label for=\"localidad\">Localidad<\/label><br \/>\n    <span class=\"wpcf7-form-control-wrap\" data-name=\"localidad\"><input size=\"40\" class=\"wpcf7-form-control wpcf7-text wpcf7-validates-as-required\" aria-required=\"true\" aria-invalid=\"false\" value=\"\" type=\"text\" name=\"localidad\" \/><\/span> <\/p>\n<\/div>\n<\/div>\n\n<\/div>\n\n<p><label for=\"mensaje\">Comentarios<\/label><br \/>\n    <span class=\"wpcf7-form-control-wrap\" data-name=\"your-message\"><textarea cols=\"90\" rows=\"10\" class=\"wpcf7-form-control wpcf7-textarea wpcf7-validates-as-required\" aria-required=\"true\" aria-invalid=\"false\" name=\"your-message\"><\/textarea><\/span> <\/p>\n\n<div class=\"espacio\">[recaptcha]<\/div>\n\n<p><input class=\"wpcf7-form-control wpcf7-submit has-spinner\" type=\"submit\" value=\"Enviar\" \/><\/p><div class=\"wpcf7-response-output\" aria-hidden=\"true\"><\/div>\n<\/form>\n<\/div>\n[\/vc_column][vc_column][vc_separator type=\u00bbnormal\u00bb color=\u00bb#f16c2b\u00bb thickness=\u00bb2&#8243; up=\u00bb20&#8243; down=\u00bb20&#8243;][\/vc_column][\/vc_row]<\/p><\/div>","protected":false},"excerpt":{"rendered":"<p>[vc_row css_animation=\u00bb\u00bb row_type=\u00bbrow\u00bb use_row_as_full_screen_section=\u00bbno\u00bb type=\u00bbfull_width\u00bb angled_section=\u00bbno\u00bb text_align=\u00bbleft\u00bb background_image_as_pattern=\u00bbwithout_pattern\u00bb padding_top=\u00bb25&#8243; padding_bottom=\u00bb10&#8243;][vc_column][vc_column_text] Directorio de mapas [\/vc_column_text][vc_column_text][\/vc_column_text][vc_row_inner row_type=\u00bbrow\u00bb type=\u00bbfull_width\u00bb text_align=\u00bbleft\u00bb css_animation=\u00bb\u00bb][vc_column_inner width=\u00bb1\/2&#8243;][vc_column_text]Navegue haciendo click en la carpeta con el contenido que busca. Abra el mapa correspondiente haciendo click en el t\u00edtulo. Utilice los \u00edconos de navegaci\u00f3n visibles desde&#8230;<\/p>","protected":false},"author":1,"featured_media":0,"parent":0,"menu_order":0,"comment_status":"closed","ping_status":"closed","template":"","meta":{"footnotes":""},"class_list":["post-15441","page","type-page","status-publish","hentry"],"_links":{"self":[{"href":"https:\/\/www.edafica.cl\/apicola\/wp-json\/wp\/v2\/pages\/15441","targetHints":{"allow":["GET"]}}],"collection":[{"href":"https:\/\/www.edafica.cl\/apicola\/wp-json\/wp\/v2\/pages"}],"about":[{"href":"https:\/\/www.edafica.cl\/apicola\/wp-json\/wp\/v2\/types\/page"}],"author":[{"embeddable":true,"href":"https:\/\/www.edafica.cl\/apicola\/wp-json\/wp\/v2\/users\/1"}],"replies":[{"embeddable":true,"href":"https:\/\/www.edafica.cl\/apicola\/wp-json\/wp\/v2\/comments?post=15441"}],"version-history":[{"count":0,"href":"https:\/\/www.edafica.cl\/apicola\/wp-json\/wp\/v2\/pages\/15441\/revisions"}],"wp:attachment":[{"href":"https:\/\/www.edafica.cl\/apicola\/wp-json\/wp\/v2\/media?parent=15441"}],"curies":[{"name":"wp","href":"https:\/\/api.w.org\/{rel}","templated":true}]}}